{"id":11,"date":"2016-03-03T16:54:42","date_gmt":"2016-03-03T15:54:42","guid":{"rendered":"http:\/\/www.tvk-gaj.pl\/?page_id=11"},"modified":"2025-09-11T19:48:43","modified_gmt":"2025-09-11T17:48:43","slug":"internet","status":"publish","type":"page","link":"https:\/\/www.tvk-gaj.pl\/?page_id=11","title":{"rendered":"Internet"},"content":{"rendered":"<div class=\"wpb-content-wrapper\"><p>[vc_row][vc_column]<div class=\"fancy_heading fancy_heading_line\"><div class=\"fh-top\"><\/div><h2 class=\"title\">Oferujemy Pa\u0144stwu dost\u0119p do internetu poprzez sie\u0107 telewizji kablowej<\/h2><div class=\"inside\">Dzi\u0119ki zastosowanej technologii, nie trzeba prowadzi\u0107 dodatkowych kabli Ethernetowych, wykorzystuj\u0105c istniej\u0105ce kable telewizyjne.<\/div><\/div>\n<div class=\"fancy_heading fancy_heading_icon\"><div class=\"fh-top\"><\/div><h2 class=\"title\">Wybierz sw\u00f3j plan<\/h2><\/div>\n[vc_row_inner][vc_column_inner width=&#8221;1\/4&#8243;]<div class=\"pricing-box  pricing-box-box\"><div class=\"plan-header\"><h2 class=\"title \">Pakiet A<\/h2><div class=\"price\"><sup class=\"currency\">z\u0142<\/sup><span>35<\/span><sup class=\"period\">miesi\u0119cznie<\/sup><\/div><hr class=\"hr_color\" \/><p class=\"subtitle\"><big>100 Mb\/s<\/big><\/p><\/div><div class=\"plan-inside\"><span class=\"pi-content\"><\/p>\n<ul>\n<li>Transfer bez limitu<\/li>\n<\/ul>\n<p><\/span><\/div><div class=\"plan-footer\"><a href=\"#\" class=\"button button_theme \"  title=\"Zam\u00f3w Teraz\"><span class=\"button_label\">Zam\u00f3w Teraz<\/span><\/a><\/div><\/div>\n[\/vc_column_inner][vc_column_inner width=&#8221;1\/4&#8243;]<div class=\"pricing-box  pricing-box-featured pricing-box-box\"><div class=\"plan-header\"><h2 class=\"title \">Pakiet B<\/h2><div class=\"price\"><sup class=\"currency\">z\u0142<\/sup><span>40<\/span><sup class=\"period\">miesi\u0119cznie<\/sup><\/div><hr class=\"hr_color\" \/><p class=\"subtitle\"><big>200 Mb\/s<\/big><\/p><\/div><div class=\"plan-inside\"><span class=\"pi-content\"><\/p>\n<ul>\n<li>Transfer bez limitu<\/li>\n<\/ul>\n<p><\/span><\/div><div class=\"plan-footer\"><a href=\"#\" class=\"button button_theme \"  title=\"Zam\u00f3w teraz\"><span class=\"button_label\">Zam\u00f3w teraz<\/span><\/a><\/div><\/div>\n[\/vc_column_inner][vc_column_inner width=&#8221;1\/4&#8243;]<div class=\"pricing-box  pricing-box-box\"><div class=\"plan-header\"><h2 class=\"title \">Pakiet C<\/h2><div class=\"price\"><sup class=\"currency\">z\u0142<\/sup><span>45<\/span><sup class=\"period\">miesi\u0119cznie<\/sup><\/div><hr class=\"hr_color\" \/><p class=\"subtitle\"><big>300 Mb\/s<\/big><\/p><\/div><div class=\"plan-inside\"><span class=\"pi-content\"><\/p>\n<ul>\n<li>Transfer bez limitu<\/li>\n<\/ul>\n<p><\/span><\/div><div class=\"plan-footer\"><a href=\"#\" class=\"button button_theme \"  title=\"Zam\u00f3w teraz\"><span class=\"button_label\">Zam\u00f3w teraz<\/span><\/a><\/div><\/div>\n[\/vc_column_inner][vc_column_inner width=&#8221;1\/4&#8243;]<div class=\"pricing-box  pricing-box-box\"><div class=\"plan-header\"><h2 class=\"title \">Pakiet D<\/h2><div class=\"price\"><sup class=\"currency\">z\u0142<\/sup><span>100<\/span><sup class=\"period\">miesi\u0119cznie<\/sup><\/div><hr class=\"hr_color\" \/><p class=\"subtitle\"><big>600 Mb\/s<\/big><\/p><\/div><div class=\"plan-inside\"><span class=\"pi-content\"><\/p>\n<ul>\n<li>Transfer bez limitu<\/li>\n<\/ul>\n<p><\/span><\/div><div class=\"plan-footer\"><a href=\"#\" class=\"button button_theme \"  title=\"Zam\u00f3w teraz\"><span class=\"button_label\">Zam\u00f3w teraz<\/span><\/a><\/div><\/div>\n[\/vc_column_inner][\/vc_row_inner][\/vc_column][\/vc_row][vc_row el_class=&#8221;mcb-section&#8221;][vc_column][vc_row_inner][vc_column_inner width=&#8221;1\/2&#8243;][vc_custom_heading text=&#8221;Korzystamy z najnowocze\u015bniejszych technologii w dziedzinie przesy\u0142u danych poprzez sie\u0107 kablow\u0105.&#8221; font_container=&#8221;tag:h3|text_align:left&#8221; use_theme_fonts=&#8221;yes&#8221;][vc_column_text css=&#8221;&#8221;]Korzystamy z zaawansowanych urz\u0105dze\u0144 firm Cisco i Motorola.<br \/>\nSie\u0107 jest zgodna ze standardem DOCSIS 3.1 co umo\u017cliwia du\u017ce przepustowo\u015bci. Do domu dostan\u0105 Pa\u0144stwo modem kablowy, kt\u00f3ry umo\u017cliwi korzystanie z Internetu. Urz\u0105dzenie dost\u0119powe w systemie WI-FI 2,4 i 5 Ghz[\/vc_column_text][\/vc_column_inner][vc_column_inner width=&#8221;1\/2&#8243;][vc_single_image image=&#8221;3547&#8243; img_size=&#8221;full&#8221; alignment=&#8221;center&#8221;][\/vc_column_inner][\/vc_row_inner][\/vc_column][\/vc_row][vc_row][vc_column css=&#8221;.vc_custom_1461878050022{padding-bottom: 50px !important;}&#8221;][vc_row_inner][vc_column_inner width=&#8221;1\/2&#8243; css=&#8221;.vc_custom_1461878015092{padding-top: 50px !important;}&#8221;][vc_single_image image=&#8221;3546&#8243; img_size=&#8221;full&#8221;][\/vc_column_inner][vc_column_inner width=&#8221;1\/2&#8243;][vc_custom_heading text=&#8221;Oferujemy:&#8221; font_container=&#8221;tag:h3|text_align:left&#8221; use_theme_fonts=&#8221;yes&#8221;]<div class=\"infobox\" ><div class=\"infobox_wrapper\"><span class=\"ib-desc\"><\/p>\n<ul>\n<li>Sta\u0142y, nielimitowany, 24-godzinny dost\u0119p do \u015bwiatowych zasob\u00f3w Internetu<\/li>\n<li>Pr\u0119dko\u015b\u0107 transmisji: w zale\u017cno\u015bci od pakietu od 100Mb\/s do 600Mb\/s<\/li>\n<li>W\u0142asne konto e-mail w domenie tvk-gaj.pl<\/li>\n<li>Adres IP z puli publicznej (opcjonalnie)<\/li>\n<\/ul>\n<p><\/span><\/div><\/div>\n[\/vc_column_inner][\/vc_row_inner][\/vc_column][\/vc_row][vc_row][vc_column][vc_separator style=&#8221;dashed&#8221;][\/vc_column][\/vc_row]<\/p>\n<\/div>","protected":false},"excerpt":{"rendered":"<p>[vc_row][vc_column][vc_row_inner][vc_column_inner width=&#8221;1\/4&#8243;][\/vc_column_inner][vc_column_inner width=&#8221;1\/4&#8243;][\/vc_column_inner][vc_column_inner width=&#8221;1\/4&#8243;][\/vc_column_inner][vc_column_inner width=&#8221;1\/4&#8243;][\/vc_column_inner][\/vc_row_inner][\/vc_column][\/vc_row][vc_row el_class=&#8221;mcb-section&#8221;][vc_column][vc_row_inner][vc_column_inner width=&#8221;1\/2&#8243;][vc_custom_heading text=&#8221;Korzystamy z najnowocze\u015bniejszych technologii w dziedzinie przesy\u0142u danych poprzez sie\u0107 kablow\u0105.&#8221; font_container=&#8221;tag:h3|text_align:left&#8221; use_theme_fonts=&#8221;yes&#8221;][vc_column_text css=&#8221;&#8221;]Korzystamy z zaawansowanych urz\u0105dze\u0144 firm Cisco<span class=\"excerpt-hellip\"> [\u2026]<\/span><\/p>\n","protected":false},"author":2,"featured_media":-1,"parent":0,"menu_order":0,"comment_status":"closed","ping_status":"closed","template":"","meta":{"footnotes":""},"class_list":["post-11","page","type-page","status-publish","has-post-thumbnail","hentry"],"_links":{"self":[{"href":"https:\/\/www.tvk-gaj.pl\/index.php?rest_route=\/wp\/v2\/pages\/11","targetHints":{"allow":["GET"]}}],"collection":[{"href":"https:\/\/www.tvk-gaj.pl\/index.php?rest_route=\/wp\/v2\/pages"}],"about":[{"href":"https:\/\/www.tvk-gaj.pl\/index.php?rest_route=\/wp\/v2\/types\/page"}],"author":[{"embeddable":true,"href":"https:\/\/www.tvk-gaj.pl\/index.php?rest_route=\/wp\/v2\/users\/2"}],"replies":[{"embeddable":true,"href":"https:\/\/www.tvk-gaj.pl\/index.php?rest_route=%2Fwp%2Fv2%2Fcomments&post=11"}],"version-history":[{"count":7,"href":"https:\/\/www.tvk-gaj.pl\/index.php?rest_route=\/wp\/v2\/pages\/11\/revisions"}],"predecessor-version":[{"id":3875,"href":"https:\/\/www.tvk-gaj.pl\/index.php?rest_route=\/wp\/v2\/pages\/11\/revisions\/3875"}],"wp:featuredmedia":[{"embeddable":true,"href":"https:\/\/www.tvk-gaj.pl\/index.php?rest_route=\/"}],"wp:attachment":[{"href":"https:\/\/www.tvk-gaj.pl\/index.php?rest_route=%2Fwp%2Fv2%2Fmedia&parent=11"}],"curies":[{"name":"wp","href":"https:\/\/api.w.org\/{rel}","templated":true}]}}